 -445. Let x = m + 248. Calculate the remainder when 165 is divided by x.
18
Let p = -1059 + 2337. Suppose -770 = -3*m - 5*h, -5*m - 5*h = -2*h - p. What is the remainder when m is divided by 64?
63
Suppose 3*l = -3*m + 12, -16*m + 17 = 3*l - 18*m. Suppose 43 = l*a + 2*t, 3*t - 2*t - 18 = -2*a. What is the remainder when 32 is divided by a?
4
Let j be (2 - -1)/((-2)/((-8)/(-6))). Let b be j/9 - ((-88)/36)/11. Suppose 21*n - 14*n - 329 = b. Calculate the remainder when n is divided by 10.
7
Let h(g) = g + 4 - 2*g + 5. Let x be h(8). What is the remainder when 91 is divided by (0 + -31)*x/(-1)?
29
Suppose -n - b = -67 - 104, 3*n - 516 = -4*b. Let y = n - 109. Suppose 61 = 5*d - 0*k - k, 4 = -4*k. What is the remainder when y is divided by d?
11
Suppose 2*g + 1849 = 5*m - 118, 5*g = -4*m + 1567. Calculate the remainder when m is divided by 29.
16
Let s = -3192 - -5159. What is the remainder when s is divided by 116?
111
Let g = -24 + 39. Suppose 2*c = -3*c - h + 292, 0 = -4*c - 3*h + 238. Calculate the remainder when c is divided by g.
13
Calculate the remainder when 52 is divided by 99/(-48)*-6 - ((-247)/(-104) - 2).
4
Suppose 3*u + 1021 = 3148. Suppose -33*b + 15*b - 7416 = 0. Let p = b + u. Calculate the remainder when p is divided by 50.
47
Let v = 28 + -104. Let c = 78 + v. Suppose -3*u + c*i + 106 = 0, 0*u - 72 = -2*u + 2*i. What is the remainder when 64 is divided by u?
30
Suppose 3*q = -5*m + 940, 21*m = 2*q + 22*m - 636. Calculate the remainder when q is divided by 73.
28
Let b(m) = -m**2 + 15*m + 19. Let h be b(16). Suppose -a - 34 = -h*a. Suppose 4*n - a = 3*n. Calculate the remainder when 48 is divided by n.
14
Suppose -27*j = -8655 - 8652. Let i = 649 - j. Calculate the remainder when i is divided by 6.
2
Let l(b) = 28*b - 39*b**3 + 0 - 1 - 28*b**2 - 22*b**3 + 60*b**3. Calculate the remainder when 110 is divided by l(-29).
26
Let w(r) = 6*r + 72. What is the remainder when 752 is divided by w(2)?
80
Let z(k) = k**2 + 2*k - 4. Suppose 0 = -14*l + 10*l - 4. What is the remainder when z(-5) is divided by l*(3 + 6)*-1?
2
Calculate the remainder when 1238 is divided by 10 - ((-135)/270)/((-1)/(-334)).
176
Let r(o) = -8*o + 68. Let a be r(25). Let l = a + 136. Calculate the remainder when 44 is divided by l.
0
Let b be (0 - 7) + 3/1. Calculate the remainder when 2*(-5 - b) - -69 is divided by 17.
16
Calculate the remainder when -1 - -6714 - (-693)/(-99) is divided by 19.
18
Let l be 3*4 + 2/((-6)/15). Suppose -l*p = -17*p + 830. Let d(s) = s**2 - 2*s + 6. Calculate the remainder when p is divided by d(4).
13
Let u be (-1 + 8)/(0 - 1/(-60)). Suppose i + u = 6*i. Calculate the remainder when i is divided by 24.
12
Suppose -98*j = -26*j - 3960. Let q(y) = -y**3 + y**2 - y + 3. Let v be q(0). Let h = 17 - v. Calculate the remainder when j is divided by h.
13
Suppose 0 = 5*c + 135*c + 65648 - 299448. Calculate the remainder when c is divided by 39.
32
Let f be 4 - (-2 + -3 - 0). Suppose g + f = 5*s - 0*g, 2*s + 1 = 5*g. What is the remainder when 59 is divided by 31/s - ((-9)/(-6) - 1)?
14
Let u = 10562 + -10480. Suppose 40 = 5*z - 45. What is the remainder when u is divided by z?
14
Let w = 170 - 147. Suppose -3*y + 30 = 2*i - 11, y - w = 4*i. What is the remainder when 43 is divided by y?
13
Suppose 2*m - 19 = -i, i - 9 = -0*m - m. Let q = 4410 - 4372. What is the remainder when q is divided by m?
8
What is the remainder when 957 is divided by 530/33 - 178/2937?
13
Let u be 301 - -21 - (0 + -1). Let j = u + -291. Calculate the remainder when j is divided by 5.
2
Suppose -i = g - 3*g - 16, 4*i - 49 = 5*g. Calculate the remainder when 108 - (1 + 10 - i) is divided by 13.
12
Let a(s) = 2*s**2 - 2*s + 30. Let r be a(9). Suppose 0*c + r = 6*c. Suppose 3*x + 5 = 2*x + 4*m, -4*x = -4*m - 28. What is the remainder when c is divided by x?
7
Suppose -2*q = -5*i - 361, 5*q - 4*i + 148 = 6*q. Suppose 6*p + q = 14*p. Suppose -x + p - 6 = 0. Calculate the remainder when 148 is divided by x.
13
Let u = -4 - -7. Suppose w - 139 = 4*k, -1 = -k - u. Suppose 957 = -91*f + 5052. Calculate the remainder when w is divided by f.
41
Let y(t) = -7*t + 311. What is the remainder when 275 is divided by y(23)?
125
Suppose -35*t + 38*t = 3*x - 1695, t - 4 = 0. Let w = x - 325. Calculate the remainder when w is divided by 6.
4
Let x(t) = t**2 + 20*t + 325. What is the remainder when x(-19) is divided by 75?
6
Let q be ((-958)/(-55) - (-32)/176)*10. Let v = 359 - q. Calculate the remainder when v is divided by 23.
22
Suppose 37 = 3*b + 5*i, -2*b - 2*b = -i - 57. Suppose 0 = 3*m + 115 + b. Let z = m - -46. Calculate the remainder when 7 is divided by z.
1
Suppose 90*l = 69*l + 462. What is the remainder when 546 is divided by l?
18
Let q(j) = -20*j + 15. Let x(i) = 6 + 8 + 14*i - 35*i + 0. Let k(n) = -5*q(n) + 4*x(n). Calculate the remainder when k(7) is divided by 12.
9
Suppose 2*s + 7*l + 34 = 10*l, 0 = -3*s + 3*l - 45. Calculate the remainder when 4/(-22) + (-2037)/s is divided by 21.
17
Let a = 4691 + -3621. What is the remainder when a is divided by 21?
20
Let j be (-254)/(-9) + 2/(-9). Let d = 3778 - 3777. Let r = j - d. What is the remainder when r is divided by 15?
12
Suppose -9 - 63 = -4*z. What is the remainder when ((-36424)/(-928))/((-3)/(-48)*4) is divided by z?
13
Let c = 6417 + -5336. What is the remainder when c is divided by 221?
197
Let c(x) = 112*x**2 + 373*x - 56. What is the remainder when c(-7) is divided by 1404?
13
Let v = 8736 - 8657. Calculate the remainder when v is divided by 36.
7
Suppose 15*i - 19*i = -192. Suppose 994*s - i = 991*s. What is the remainder when 85 is divided by s?
5
Suppose 3*j - 6202 + 5887 = -3*i, 3*i - 329 = -5*j. What is the remainder when 3441 is divided by i?
11
Let y(q) = 5*q**2 - q - 2. Let b be y(-1). Suppose -b*o + 2 = -6, -t = 2*o - 105. Calculate the remainder when t is divided by (-34)/(-12)*11/((-66)/(-36)).
16
Let b(t) = -42 + 19 + 3*t**2 + 4*t + 19. What is the remainder when 98 is divided by b(-4)?
14
Let z(g) = -g**3 - 4*g**2 + 11*g - 4. Let r be z(-8). Suppose -o = 3*o - r. Suppose o*t = 39*t + 76. Calculate the remainder when 111 is divided by t.
35
Suppose 0 = 3*j - p - 32, -5*j + 32*p = 28*p - 44. Suppose -32 = -x + 11*o - 9*o, -j = 4*o. What is the remainder when 76 is divided by x?
24
Let n(s) = 2*s**2 - 80*s + 1066. What is the remainder when n(75) is divided by 158?
154
Suppose -5*o = 4*j + 1392, -2*j + 6*j = -o - 272. Let l = o - -317. What is the remainder when 73 is divided by l?
36
Let z = 81 - 55. Suppose -17 = -j - 47*m + 42*m, -4*j = -5*m - 193. Calculate the remainder when j is divided by z.
16
Let a(y) = -y**3 + 15*y**2 - 41*y. What is the remainder when a(5) is divided by 31?
14
What is the remainder when (18/10)/((-714)/720 - -1) is divided by 203?
13
Let n = -857 + 987. Calculate the remainder when 779 is divided by n.
129
Calculate the remainder when 2804 is divided by 14/((150/(210/(-7)))/((-5)/2)).
4
Let o be (-2 - -2)/((-28)/7). Let b be o*(((-27)/6)/3)/3. Suppose -5*n = -10, -4*h + n + n + 380 = b. What is the remainder when h is divided by 11?
8
Suppose 3*u - 4*u + 1 = 0, 3*m - 5*u = 7702. Calculate the remainder when m is divided by 6.
1
Let d(c) = -c + 53. Let y be d(7). Suppose 4*m + 50 = 2*p, p + m - 23 = -4. What is the remainder when p is divided by (-2)/(-8) - y/(-8)?
3
Let q(u) = -u**2 - 17*u - 11. Let n be (15 - 3)*(-8)/12. What is the remainder when q(n) is divided by 22?
17
What is the remainder when (((-1992)/9)/(-2))/(0 - 16/(-24)) is divided by 11?
1
Suppose 7*b + 649 = -107. Let l = b + 170. What is the remainder when l is divided by 21?
20
Let n = 557 - 710. Let h = n + 173. Calculate the remainder when 77 is divided by h.
17
Suppose -7 = -9*a + 29. What is the remainder when 55 is divided by 17/(a - (0 - -3))?
4
Let z be (-6 - -6) + 4 + -3. Let m(r) = -r + 7. Calculate the remainder when (1 + 47)/z - (52 + -51) is divided by m(-5).
11
Suppose -13*v + 493 = 103. What is the remainder when v is divided by (4 - 8)*(35/(-10) - 3)?
4
Let g(u) = -u**3 - u**2 + 66*u + 102. Calculate the remainder when 2551 is divided by g(-8).
21
Suppose 22 = 3*m - 2*m. Let o = 578 - 318. Suppose -7*j = -11*j + o. Calculate the remainder when j is divided by m.
21
Let l(m) = m**3 - 9*m**